744.
2, 3, 73, 8117
What are the prime factors of 507124948?
2, 11, 163, 70709
What are the prime factors of 131059309?
73, 1795333
What are the prime factors of 42197089?
11, 487, 7877
List the prime factors of 67498016.
2, 47, 44879
What are the prime factors of 71511770?
2, 5, 11, 650107
List the prime factors of 1043367929.
23, 45363823
List the prime factors of 37851762.
2, 3, 13, 19, 25541
What are the prime factors of 1216125746?
2, 11, 5025313
List the prime factors of 717764813.
37, 113, 171673
What are the prime factors of 1603593640?
2, 5, 11, 41, 8081
List the prime factors of 56663033.
7, 8094719
List the prime factors of 145841169.
3, 19, 229, 11173
What are the prime factors of 19412316?
2, 3, 7, 11, 47, 149
What are the prime factors of 26614491?
3, 2083, 4259
What are the prime factors of 160243896?
2, 3, 6676829
List the prime factors of 57821339.
109, 263, 2017
List the prime factors of 6106166.
2, 11, 433, 641
List the prime factors of 5774775743.
11, 47, 179, 62401
What are the prime factors of 153035884?
2, 887, 43133
List the prime factors of 19754492.
2, 4938623
List the prime factors of 5109109113.
3, 43, 2411, 16427
List the prime factors of 2086021671.
3, 20089, 34613
List the prime factors of 392796809.
392796809
List the prime factors of 325923918.
2, 3, 43, 971, 1301
List the prime factors of 13714211.
7, 1959173
What are the prime factors of 497128473?
3, 55236497
What are the prime factors of 203321405?
5, 7, 31, 187393
List the prime factors of 135482747.
135482747
List the prime factors of 833850117.
3, 92650013
List the prime factors of 297445069.
1697, 175277
List the prime factors of 155496357.
3, 17277373
List the prime factors of 1678379777.
14831, 113167
List the prime factors of 5751848090.
2, 5, 239, 2406631
List the prime factors of 2693020420.
2, 5, 563, 239167
List the prime factors of 78792935.
5, 13, 1212199
List the prime factors of 392208775.
5, 7, 2241193
What are the prime factors of 107538909?
3, 37, 968819
What are the prime factors of 284705141?
7, 5810309
What are the prime factors of 1455731375?
5, 7, 1663693
What are the prime factors of 340633538?
2, 7, 24330967
List the prime factors of 80671791.
3, 491, 54767
What are the prime factors of 169513957?
73, 2322109
What are the prime factors of 281861328?
2, 3, 7, 119839
What are the prime factors of 8335221304?
2, 2141, 486643
List the prime factors of 144998413.
7, 97, 179, 1193
What are the prime factors of 1770247480?
2, 5, 19, 47, 49559
List the prime factors of 686142233.
7, 23, 29, 223, 659
What are the prime factors of 1683405000?
2, 3, 5, 37409
What are the prime factors of 85862337?
3, 11, 617, 4217
What are the prime factors of 67327980?
2, 3, 5, 1122133
What are the prime factors of 277158353?
4691, 59083
What are the prime factors of 259475455?
5, 2549, 20359
What are the prime factors of 798453244?
2, 241, 541, 1531
What are the prime factors of 22145771?
2969, 7459
What are the prime factors of 539580394?
2, 863, 312619
What are the prime factors of 50289213?
3, 13, 17, 101, 751
List the prime factors of 16647718.
2, 8323859
What are the prime factors of 8050306?
2, 11, 101, 3623
What are the prime factors of 182566375?
5, 257, 5683
List the prime factors of 252276362.
2, 13, 17, 41, 13921
List the prime factors of 1428331516.
2, 43, 271, 30643
What are the prime factors of 794287939?
17257, 46027
List the prime factors of 2806271315.
5, 561254263
List the prime factors of 450558173.
13, 34658321
What are the prime factors of 4321193?
37, 116789
List the prime factors of 2996496612.
2, 3, 19, 1460281
What are the prime factors of 358950101?
257, 661, 2113
What are the prime factors of 1006456981?
103, 9771427
List the prime factors of 35809572.
2, 3, 2984131
List the prime factors of 125129699.
43, 2909993
What are the prime factors of 43476157?
17, 101, 25321
List the prime factors of 96952550.
2, 5, 457, 4243
What are the prime factors of 6341238?
2, 3, 17, 23, 53
What are the prime factors of 1911493234?
2, 7, 19505033
List the prime factors of 382164934.
2, 37, 433, 11927
List the prime factors of 1343501010.
2, 3, 5, 1621, 9209
List the prime factors of 138926163.
3, 41, 43, 26267
List the prime factors of 722882447.
7, 2107529
What are the prime factors of 33077089?
33077089
List the prime factors of 22291208.
2, 41, 67961
List the prime factors of 43000569.
3, 79, 197, 307
What are the prime factors of 144827687?
144827687
What are the prime factors of 421010243?
421010243
List the prime factors of 154516559.
179, 269, 3209
What are the prime factors of 824649192?
2, 3, 17, 37, 131, 139
What are the prime factors of 301796779?
19, 97, 163753
What are the prime factors of 271784717?
271784717
What are the prime factors of 39100835?
5, 193, 40519
List the prime factors of 676116700.
2, 5, 7, 137983
What are the prime factors of 7299713638?
2, 7, 53, 911, 10799
What are the prime factors of 30804873?
3, 11, 29, 32189
What are the prime factors of 2430222?
2, 3, 405037
What are the prime factors of 1257517434?
2, 3, 269, 779131
What are the prime factors of 55482988?
2, 11, 761, 1657
What are the prime factors of 1776896963?
109, 479, 34033
What are the prime factors of 259005140?
2, 5, 431, 30047
List the prime factors of 18909509.
18909509
What are the prime factors of 2991786574?
2, 7, 11587, 18443
List the prime factors of 34167904.
2, 1067747
List the prime factors of 18780463.
13, 111127
List the prime factors of 2083440373.
7, 3011, 98849
List the prime factors of 58400742.
2, 3, 1249, 7793
List the prime factors of 277716460.
2, 5, 7, 1983689
List the prime factors of 113393094.
2, 3, 17, 883, 1259
List the prime factors of 1492164216.
2, 3, 821, 25243
What are the prime factors of 1406740424?
2, 9811, 17923
What are the prime factors of 193682539?
103, 1880413
List the prime factors of 3791921429.
3791921429
List the prime factors of 178252538.
2, 1669, 53401
What are the prime factors of 260995219?
71, 3675989
What are the prime factors of 38847376?
2, 2427961
List the prime factors of 386834458.
2, 167, 1158187
What are the prime factors of 4441673529?
3, 19, 8658233
What are the prime factors of 142388485?
5, 131, 217387
List the prime factors of 267102560.
2, 5, 1669391
List the prime factors of 124331855.
5, 31, 802141
List the prime factors of 1272540288.
2, 3, 41, 131, 617
What are the prime factors of 608156793?
3, 17, 3974881
What are the prime factors of 692404356?
2, 3, 7, 17, 457, 1061
What are the prime factors of 94006691?
2753, 34147
List the prime factors of 294171473.
67, 4390619
What are the prime factors of 275938597?
11, 3323, 7549
List the prime factors of 402556137.
3, 271, 495149
List the prime factors of 543161640.
2, 3, 5, 7, 163, 3967
List the prime factors of 218079111.
3, 17, 251533
List the prime factors of 790307185.
5, 19, 41, 331, 613
What are the prime factors of 16824042?
2, 3, 934669
List the prime factors of 60210252.
2, 3, 1672507
What are the prime factors of 1840408620?
2, 3, 5, 31, 989467
List the prime factors of 105726154.
2, 52863077
What are the prime factors of 933809042?
2, 466904521
List the prime factors of 484641208.
2, 19, 3188429
List the prime factors of 2802583.
7, 71, 5639
What are the prime factors of 23890711?
13, 47, 61, 641
What are the prime factors of 109508175?
3, 5, 7, 23, 3023
List the prime factors of 25812120.
2, 3, 5, 17, 12653
What are the prime factors of 7001378117?
31, 1307, 172801
List the prime factors of 249132283.
73, 173, 19727
What are the prime factors of 262587219?
3, 17, 1433, 3593
List the prime factors of 5116489.
7, 199, 3673
What are the prime factors of 2938519154?
2, 9767, 150431
What are the prime factors of 2243044861?
7079, 316859
What are the prime factors of 26738168?
2, 19, 175909
List the prime factors of 81930620.
2, 5, 4096531
What are the prime factors of 546871138?
2, 11, 23, 1080773
List the prime factors of 174223518.
2, 3, 7, 592597
What are the prime factors of 212511308?
2, 281, 189067
What are the prime factors of 359369493?
3, 7, 37, 113, 4093
List the prime factors of 1928667896.
2, 67, 3598261
List the prime factors of 823447634.
2, 29, 71, 359, 557
List the prime factors of 98233867.
569, 172643
What ar